{"id":4169,"date":"2026-03-17T12:06:12","date_gmt":"2026-03-17T11:06:12","guid":{"rendered":"https:\/\/campus.groupe-afd.fr\/?page_id=4169"},"modified":"2026-03-17T12:24:49","modified_gmt":"2026-03-17T11:24:49","slug":"schedule","status":"publish","type":"page","link":"https:\/\/campus.groupe-afd.fr\/en\/schedule\/","title":{"rendered":"Schedule"},"content":{"rendered":"\r\n  <div class=\"wp-block-kallax-agenda\">\r\n    \r\n\r\n<div class=\"c-agenda\">\r\n            <div class=\"c-agenda__category\">\r\n        <div class=\"c-agenda__category-wrapper has-main-1-color\" style=\"background-color: #fdc533;\">\r\n          <h2 class=\"c-agenda__category-title wp-block-heading\">\r\n            Get trained          <\/h2>\r\n                      <p>Training courses open to everyone<\/p>\r\n                  <\/div>\r\n                              <h3 class=\" c-agenda__month-title wp-block-heading is-style-line\">March 2026<\/h3>\r\n            <div class=\"c-agenda__events-list\">\r\n                                              <div class=\"c-agenda__event-item\">\r\n                  <div class=\"c-agenda__event-date\">\r\n                    <div class=\"c-agenda__event-day-wrapper\">\r\n                      <span class=\"c-agenda__event-month\">Mar<\/span> <span class=\"c-agenda__event-day\">23<\/span>                                              <span class=\"c-agenda__event-range\">\r\n                          to May 22                        <\/span>\r\n                                          <\/div>\r\n                                      <\/div>\r\n                  <div class=\"c-agenda__event-content\">\r\n                    <div class=\"c-agenda__event-content-inner\">\r\n                      <h3 class=\"c-agenda__event-title\">\r\n                        Parcours expert Strat\u00e9gies financi\u00e8res des collectivit\u00e9s locales                      <\/h3>\r\n                                              <div class=\"c-agenda__event-caption\">Du 23 mars au 30 avril 2026 en digital tutor\u00e9<br \/>\r\nDu 15 au 22 mai 2026 en pr\u00e9sentiel \u00e0 Marseille<\/div>\r\n                                          <\/div>\r\n                                          <a class=\"c-agenda__event-link\" href=\"https:\/\/campus.groupe-afd.fr\/formation\/parcours-strategies-financieres-des-collectivites-locales\/\" target=\"_blank\" >\r\n                        More                                                  <i class=\"icon icon-external ml\"><\/i>\r\n                                              <\/a>\r\n                                      <\/div>\r\n                <\/div>\r\n                          <\/div>\r\n                      <h3 class=\" c-agenda__month-title wp-block-heading is-style-line\">June 2026<\/h3>\r\n            <div class=\"c-agenda__events-list\">\r\n                                              <div class=\"c-agenda__event-item\">\r\n                  <div class=\"c-agenda__event-date\">\r\n                    <div class=\"c-agenda__event-day-wrapper\">\r\n                      <span class=\"c-agenda__event-month\">Jun<\/span> <span class=\"c-agenda__event-day\">8<\/span>                                              <span class=\"c-agenda__event-range\">\r\n                          to Jun 12                        <\/span>\r\n                                          <\/div>\r\n                                      <\/div>\r\n                  <div class=\"c-agenda__event-content\">\r\n                    <div class=\"c-agenda__event-content-inner\">\r\n                      <h3 class=\"c-agenda__event-title\">\r\n                        Formation PLAY                      <\/h3>\r\n                                              <div class=\"c-agenda__event-caption\">Cette formation s\u2019adresse aux professionnel.les amen\u00e9.es \u00e0 impulser des projets collectifs (quelle que soit leur nature) dans des contextes de transformation qui n\u00e9cessitent de mobiliser des acteurs vari\u00e9s et de lib\u00e9rer leur cr\u00e9ativit\u00e9.<br \/>\r\nPublic : Partenaires externes du groupe AFD et agents des entit\u00e9s du Groupe <br \/>\r\nFormat : Pr\u00e9sentiel, groupe de 15 \u00e0 18 participants. <br \/>\r\nNous contacter pour inscriptions.<br \/>\r\n<\/div>\r\n                                          <\/div>\r\n                                      <\/div>\r\n                <\/div>\r\n                          <\/div>\r\n                        <\/div>\r\n          <div class=\"c-agenda__category\">\r\n        <div class=\"c-agenda__category-wrapper has-main-1-color\" style=\"background-color: #f5b3c4;\">\r\n          <h2 class=\"c-agenda__category-title wp-block-heading\">\r\n            Meet up          <\/h2>\r\n                      <p>Events organized by the AFD Group or its partner network<\/p>\r\n                  <\/div>\r\n                              <h3 class=\" c-agenda__month-title wp-block-heading is-style-line\">May 2026<\/h3>\r\n            <div class=\"c-agenda__events-list\">\r\n                                              <div class=\"c-agenda__event-item\">\r\n                  <div class=\"c-agenda__event-date\">\r\n                    <div class=\"c-agenda__event-day-wrapper\">\r\n                      <span class=\"c-agenda__event-month\">May<\/span> <span class=\"c-agenda__event-day\">19<\/span>                                              <span class=\"c-agenda__event-range\">\r\n                          to May 22                        <\/span>\r\n                                          <\/div>\r\n                                      <\/div>\r\n                  <div class=\"c-agenda__event-content\">\r\n                    <div class=\"c-agenda__event-content-inner\">\r\n                      <h3 class=\"c-agenda__event-title\">\r\n                        Saison M\u00e9diterann\u00e9e 2026                      <\/h3>\r\n                                              <div class=\"c-agenda__event-caption\">La Saison M\u00e9diterran\u00e9e 2026 met en valeur la richesse et la diversit\u00e9 des cultures m\u00e9diterran\u00e9ennes. Elle c\u00e9l\u00e8bre les artistes, les cr\u00e9ateurs et les jeunes talents de ces r\u00e9gions, en valorisant les \u00e9changes culturels et humains. Apr\u00e8s une ouverture populaire et festive \u00e0 Marseille, la Saison se d\u00e9roulera principalement en France, sur l\u2019ensemble du territoire, entre le 15 mai et le 31 octobre 2026.<\/div>\r\n                                          <\/div>\r\n                                          <a class=\"c-agenda__event-link\" href=\"https:\/\/www.institutfrancais.com\/fr\/magazine\/a-la-une\/saison-mediterranee-2026-plus-200-evenements-france\" >\r\n                        En savoir plus                                                  <i class=\"icon icon-chevron-right ml\"><\/i>\r\n                                              <\/a>\r\n                                      <\/div>\r\n                <\/div>\r\n                          <\/div>\r\n                        <\/div>\r\n      <\/div>  <\/div>\r\n\r\n","protected":false},"excerpt":{"rendered":"","protected":false},"author":1,"featured_media":4216,"parent":0,"menu_order":0,"comment_status":"closed","ping_status":"closed","template":"templates\/constrained.php","meta":{"_acf_changed":false,"_seopress_robots_primary_cat":"","_seopress_titles_title":"","_seopress_titles_desc":"","_seopress_robots_index":"","_relevanssi_hide_post":"","_relevanssi_hide_content":"","_relevanssi_pin_for_all":"","_relevanssi_pin_keywords":"","_relevanssi_unpin_keywords":"","_relevanssi_related_keywords":"","_relevanssi_related_include_ids":"","_relevanssi_related_exclude_ids":"","_relevanssi_related_no_append":"","_relevanssi_related_not_related":"","_relevanssi_related_posts":"","_relevanssi_noindex_reason":"","footnotes":""},"class_list":["post-4169","page","type-page","status-publish","has-post-thumbnail","hentry"],"acf":[],"_links":{"self":[{"href":"https:\/\/campus.groupe-afd.fr\/en\/wp-json\/wp\/v2\/pages\/4169","targetHints":{"allow":["GET"]}}],"collection":[{"href":"https:\/\/campus.groupe-afd.fr\/en\/wp-json\/wp\/v2\/pages"}],"about":[{"href":"https:\/\/campus.groupe-afd.fr\/en\/wp-json\/wp\/v2\/types\/page"}],"author":[{"embeddable":true,"href":"https:\/\/campus.groupe-afd.fr\/en\/wp-json\/wp\/v2\/users\/1"}],"replies":[{"embeddable":true,"href":"https:\/\/campus.groupe-afd.fr\/en\/wp-json\/wp\/v2\/comments?post=4169"}],"version-history":[{"count":3,"href":"https:\/\/campus.groupe-afd.fr\/en\/wp-json\/wp\/v2\/pages\/4169\/revisions"}],"predecessor-version":[{"id":4177,"href":"https:\/\/campus.groupe-afd.fr\/en\/wp-json\/wp\/v2\/pages\/4169\/revisions\/4177"}],"wp:featuredmedia":[{"embeddable":true,"href":"https:\/\/campus.groupe-afd.fr\/en\/wp-json\/wp\/v2\/media\/4216"}],"wp:attachment":[{"href":"https:\/\/campus.groupe-afd.fr\/en\/wp-json\/wp\/v2\/media?parent=4169"}],"curies":[{"name":"wp","href":"https:\/\/api.w.org\/{rel}","templated":true}]}}

<div class="wp-block-kallax-agenda">
    

<div class="c-agenda">
            <div class="c-agenda__category">
        <div class="c-agenda__category-wrapper has-main-1-color" style="background-color: #fdc533;">
          <h2 class="c-agenda__category-title wp-block-heading">
            Get trained          </h2>
                      <p>Training courses open to everyone</p>
                  </div>
                              <h3 class=" c-agenda__month-title wp-block-heading is-style-line">March 2026</h3>
            <div class="c-agenda__events-list">
                                              <div class="c-agenda__event-item">
                  <div class="c-agenda__event-date">
                    <div class="c-agenda__event-day-wrapper">
                      <span class="c-agenda__event-month">Mar</span> <span class="c-agenda__event-day">23</span>                                              <span class="c-agenda__event-range">
                          to May 22                        </span>
                                          </div>
                                      </div>
                  <div class="c-agenda__event-content">
                    <div class="c-agenda__event-content-inner">
                      <h3 class="c-agenda__event-title">
                        Parcours expert Stratégies financières des collectivités locales                      </h3>
                                              <div class="c-agenda__event-caption">Du 23 mars au 30 avril 2026 en digital tutoré<br />
Du 15 au 22 mai 2026 en présentiel à Marseille</div>
                                          </div>
                                          <a class="c-agenda__event-link" href="https://campus.groupe-afd.fr/formation/parcours-strategies-financieres-des-collectivites-locales/" target="_blank" >
                        More                                                  <i class="icon icon-external ml"></i>
                                              </a>
                                      </div>
                </div>
                          </div>
                      <h3 class=" c-agenda__month-title wp-block-heading is-style-line">June 2026</h3>
            <div class="c-agenda__events-list">
                                              <div class="c-agenda__event-item">
                  <div class="c-agenda__event-date">
                    <div class="c-agenda__event-day-wrapper">
                      <span class="c-agenda__event-month">Jun</span> <span class="c-agenda__event-day">8</span>                                              <span class="c-agenda__event-range">
                          to Jun 12                        </span>
                                          </div>
                                      </div>
                  <div class="c-agenda__event-content">
                    <div class="c-agenda__event-content-inner">
                      <h3 class="c-agenda__event-title">
                        Formation PLAY                      </h3>
                                              <div class="c-agenda__event-caption">Cette formation s’adresse aux professionnel.les amené.es à impulser des projets collectifs (quelle que soit leur nature) dans des contextes de transformation qui nécessitent de mobiliser des acteurs variés et de libérer leur créativité.<br />
Public : Partenaires externes du groupe AFD et agents des entités du Groupe <br />
Format : Présentiel, groupe de 15 à 18 participants. <br />
Nous contacter pour inscriptions.<br />
</div>
                                          </div>
                                      </div>
                </div>
                          </div>
                        </div>
          <div class="c-agenda__category">
        <div class="c-agenda__category-wrapper has-main-1-color" style="background-color: #f5b3c4;">
          <h2 class="c-agenda__category-title wp-block-heading">
            Meet up          </h2>
                      <p>Events organized by the AFD Group or its partner network</p>
                  </div>
                              <h3 class=" c-agenda__month-title wp-block-heading is-style-line">May 2026</h3>
            <div class="c-agenda__events-list">
                                              <div class="c-agenda__event-item">
                  <div class="c-agenda__event-date">
                    <div class="c-agenda__event-day-wrapper">
                      <span class="c-agenda__event-month">May</span> <span class="c-agenda__event-day">19</span>                                              <span class="c-agenda__event-range">
                          to May 22                        </span>
                                          </div>
                                      </div>
                  <div class="c-agenda__event-content">
                    <div class="c-agenda__event-content-inner">
                      <h3 class="c-agenda__event-title">
                        Saison Méditerannée 2026                      </h3>
                                              <div class="c-agenda__event-caption">La Saison Méditerranée 2026 met en valeur la richesse et la diversité des cultures méditerranéennes. Elle célèbre les artistes, les créateurs et les jeunes talents de ces régions, en valorisant les échanges culturels et humains. Après une ouverture populaire et festive à Marseille, la Saison se déroulera principalement en France, sur l’ensemble du territoire, entre le 15 mai et le 31 octobre 2026.</div>
                                          </div>
                                          <a class="c-agenda__event-link" href="https://www.institutfrancais.com/fr/magazine/a-la-une/saison-mediterranee-2026-plus-200-evenements-france" >
                        En savoir plus                                                  <i class="icon icon-chevron-right ml"></i>
                                              </a>
                                      </div>
                </div>
                          </div>
                        </div>
      </div>  </div>
